4. Let l(o) = 13*o + 88. Let r be l(-4). Let y be m(r). Calculate the highest common factor of t and y.
18
Let y be (-1884)/(-12) - (1 - (7 - 7)). What is the highest common divisor of y and 2795?
13
Let z be (1 + -10)/(6/42). Let p be 4/(-18) + (-14)/z - -59. Let s be 3/((-15)/(-20)) + p. Calculate the highest common divisor of s and 7.
7
Suppose 2*y - 4840 = -9*y. Let k(x) = -12*x + 163. Let a be k(9). What is the greatest common factor of a and y?
55
Let b be (-33 + (-4071)/(-46))*46/3. What is the greatest common factor of b and 888?
37
Suppose -244*c = -552725 - 3031147. What is the greatest common divisor of c and 72?
72
Let k(w) = 3*w**2 + 58*w - 40. Let z be k(-20). Let a = 27 - 18. Let n be z + 49/3 - 3/a. What is the greatest common factor of 1 and n?
1
Let l be 4*738/420*-30*(-35)/2. Calculate the greatest common divisor of l and 20.
10
Let f(q) = 29*q**2 - q + 1. Let p = -80 - 3. Let d = p + 82. Let w be f(d). What is the greatest common factor of w and 93?
31
Let x(w) = -w**2 - 100*w - 1443. Let u be x(-19). Calculate the greatest common factor of u and 60.
12
Suppose -14*f + 12*f = -68. Let x = 120 + 152. What is the greatest common factor of x and f?
34
Let d be (78/6)/(4/1888*4). What is the greatest common divisor of d and 26?
26
Let s = 12 - 16. Let j be 6*((-14)/s + 0). Suppose 4*k + 2*f - 918 = 0, -3*k + 716 - 38 = 5*f. What is the highest common divisor of k and j?
21
Suppose 7288 = 4*k + 1144. Suppose -3*u + 3*a = -163 + 85, -4*a - 32 = -u. Calculate the highest common divisor of k and u.
24
Let a = 403 - 403. Suppose a = 9*n + 26*n - 1260. What is the greatest common divisor of 96 and n?
12
Suppose -4*i + 3*i + 106 = 0. Suppose -x + i = 137. Let o = -23 - x. Calculate the greatest common factor of o and 88.
8
Let x be (-6 - 102/(-18))/(3/(-18)). Suppose -x*o + 5*o = 3. What is the highest common divisor of o and 56?
1
Let z(o) = -o**2 - 6*o + 2. Let w be z(0). Let u be 0/w - (-80 - (6 - 9)). What is the highest common factor of u and 11?
11
Let k be 16/((-448)/(-9695)) + 42/24. Calculate the highest common divisor of k and 48.
12
Suppose -3*d - 4*i + 2876 = 0, 0 = -d - 117*i + 118*i + 961. What is the greatest common divisor of 4440 and d?
120
Let l = -61 + 197. Let k(s) = s**2 - 27*s - 566. Let b be k(-14). Calculate the greatest common factor of b and l.
8
Let u be ((-1)/(-2))/((-5)/(-20)). Suppose 31*j - 1863 = 1175. Suppose 3*t - 115 = -5*i, 0*i = u*t - 2*i - j. Calculate the highest common factor of 18 and t.
9
Let d(a) = a**3 - 6*a**2 - 12*a - 16. Let u be d(-4). Let l = 96 - u. Calculate the highest common divisor of l and 7.
7
Suppose -5*s = -10*s + 5*l + 425, 263 = 3*s + l. Let p = 39962 + -39933. Calculate the highest common factor of s and p.
29
Let f(b) = 352*b + 8712. Let x be f(-23). What is the highest common divisor of 2128 and x?
56
Suppose 347*h - 24 = 341*h. Suppose -2*p = -h*u + 614, 477 = u + 2*u + 4*p. Calculate the greatest common factor of u and 31.
31
Let h be (-5 + 0 + 2)*36/(-18). Let a(y) = 3*y**2 + 21*y. Let q be a(1). Calculate the greatest common factor of h and q.
6
Let t be ((-2)/6 - 1)/(9/(-54)). Let s be 194/t + 2/16*-2. Suppose s - 9 = l. Calculate the highest common divisor of l and 10.
5
Suppose -37185 - 41301 = -24*p - 16182. What is the highest common factor of p and 177?
59
Suppose -7*d + 3586 = -12521. What is the highest common factor of 472 and d?
59
Suppose -126 = -3*x - 2*y + 4*y, 0 = -5*x - 3*y + 210. Let v = -34 + x. Let u be 14 - (4 - 1) - -1. What is the highest common divisor of v and u?
4
Let t(h) = -3 + 15*h + 0*h**2 - 24*h + 2*h**2 + 18 + 17*h. Let l(q) = -q - 1. Let j be l(-7). Let i be t(j). What is the greatest common divisor of i and 15?
15
Let w(b) = 2*b - 5. Suppose 7*a - 24 = 11. Let t be w(a). Suppose 11 = -t*c + 266. Calculate the highest common factor of 17 and c.
17
Suppose 3*l - 46 = l. Let k = 62 - l. Suppose -2*s = -2*f - 58, 2*s - 5*f = k + 25. Calculate the highest common factor of 18 and s.
9
Let h be 23*-2*(-1)/2. Let t = 26924 + -26717. Calculate the highest common factor of h and t.
23
Suppose -2*w - 3*w + 190 = 0. Let u(j) = 52*j + 1390. Let h be u(-26). What is the greatest common factor of w and h?
38
Let v be 2*(-6 + 14) - 2*1. Suppose -3*g + 4*h - v = 0, 4*g + 34 = g - h. Let l = 19 + g. What is the greatest common factor of 63 and l?
9
Suppose -72 = -p + 65. Let k be p/2 + (-9)/(-6). Let s(j) = -16*j + 442. Let v be s(27). Calculate the greatest common divisor of v and k.
10
Let f = 19 + 12. Suppose -z = -4*p + 3*z - 4, 0 = 5*p + 4*z - f. Suppose 3*h = 2*j - 33, -p*j + 51 = j - h. Calculate the greatest common factor of 30 and j.
6
Suppose -5*j - 112 = -4*v, 3*j - j = -5*v + 173. Let i be (1 - 3 - -1)*(-2 + v). Let p = 29 - i. What is the highest common factor of p and 24?
12
Let z(r) = 13*r - 3. Let q be z(3). Let f = 12 - 12. Let h be (-12)/((f + -4)/4). Calculate the highest common divisor of h and q.
12
Let z(x) = 14*x**2 - 250*x - 3446. Let s be z(-13). Calculate the greatest common factor of s and 992.
62
Let o be (-71)/((-4686)/16488) + (-2)/(-11). Calculate the greatest common factor of 1450 and o.
50
Suppose -2*b - 2*l - 4 = 0, 0*b - 2*b - 12 = 4*l. Let h be (-320)/(-10)*1/b. Suppose 2*q - 120 = -q. What is the highest common divisor of q and h?
8
Let w(l) = -l**3 - 17*l**2 + 48*l + 785. Let q be w(-18). What is the greatest common divisor of q and 1666?
49
Let d = 29 - 89. Let v be (-32)/20 - 6/(-10). Let u be (-1 + 0)*((v - 2) + d). What is the highest common divisor of 21 and u?
21
Suppose 5*o = -4*t - 301, 9*o - 410 = 5*t + 4*o. Suppose -2*m = -6 - 16. Let b = m - t. Calculate the greatest common divisor of 30 and b.
30
Let w(m) = -3*m**2 - 40*m - 14. Let i be 4/((-64)/36)*16/3. Let r be w(i). Calculate the highest common factor of 221 and r.
17
Let r(p) = 7*p + 197. Let u be r(-16). What is the greatest common factor of u and 34?
17
Suppose -20*m + 2449 = -15*m - 2*y, 4*y = 2*m - 986. Calculate the highest common factor of 27 and m.
3
Suppose 154*i - 1752 = 45*i + 10020. Suppose 2*t = -3*t + 150. What is the highest common factor of t and i?
6
Let f = 42292 - 41872. Calculate the greatest common factor of 1428 and f.
84
Suppose -3544 = 4*m - 5*q, -2*q - 2658 = 3*m - 8*q. Let y = 922 + m. What is the highest common divisor of 1440 and y?
36
Let z(t) = 69*t + 961. Let k be z(-13). What is the highest common factor of k and 608?
32
Suppose 0 = v + 2*i + 6, 5*v - 8*v = i - 7. Suppose -3*l + 2*b + 90 = 0, -8 = v*b - 20. Calculate the greatest common factor of 1 and l.
1
Suppose -2*g + 6*g = 84. Suppose 13*m = i + 11, 3*m = -2*m - 10 + 20. Calculate the highest common divisor of i and g.
3
Let n(b) = 2*b**2 + 8*b - 38. Let v be n(8). What is the greatest common divisor of v and 88?
22
Suppose 5*t - 2 = 2*h, -4 = -2*h + 5*t - 3*t. Let o be h/((1 - 9)/(-48)). Let v = 42 + -30. Calculate the greatest common factor of v and o.
12
Let a(n) be the first derivative of -7*n + 7/2*n**2 + 23. Let h be a(4). What is the highest common factor of 84 and h?
21
Suppose 40*o - 210 = 43*o. Let r be (18/(-10))/(((-42)/(-6))/o). Let h = 23 + -21. Calculate the highest common factor of r and h.
2
Let s(o) = -40*o - 4. Let j(h) = -h**3 - h**2 + 6*h - 2. Let v be j(-3). Let n be s(v). What is the highest common factor of n and 266?
38
Let z = 15041 - 14956. What is the highest common divisor of z and 476?
17
Suppose -2*k = 2*k - 1152. Suppose 3*u = 4*g + k, -2*u - 3*u + 469 = -3*g. Let s = u + -37. Calculate the greatest common factor of s and 11.
11
Suppose -4*q = z - 139, 4*z = 2*q + 95 - 187. What is the greatest common divisor of 2532 and q?
12
Suppose -6*g - 706 = -v - 5*g, -g = 4*v - 2819. Let y be (19/(-4))/(v/(-100) - -7). Calculate the highest common factor of 15 and y.
5
Let i = -478 - -990. Let a be -2 - (-688)/20 - (-10)/(-25). Calculate the greatest common factor of a and i.
32
Suppose 2*s + 4*j - 962 - 158 = 0, -2*s + 1132 = 2*j. What is the greatest common factor of s and 1976?
52
Suppose -3*r + 1690 = -3*a + 6907, -6*a = -3*r - 10425. What is the highest common factor of 5952 and a?
248
Suppose b + 15*g - 19*g = 46, -4*g + 58 = 3*b. Suppose -4860 = -b*h + 14*h. Calculate the greatest common divisor of h and 45.
45
Let c(i) = -i**3 - 18